{"id":34,"date":"2019-07-16T16:30:07","date_gmt":"2019-07-16T19:30:07","guid":{"rendered":"https:\/\/demosites.io\/fitness\/?page_id=34"},"modified":"2025-02-18T13:32:30","modified_gmt":"2025-02-18T16:32:30","slug":"scbms-na-pratica","status":"publish","type":"page","link":"http:\/\/scbms.jucesc.sc.gov.br\/index.php\/scbms-na-pratica\/","title":{"rendered":"SCBMS NA PR\u00c1TICA"},"content":{"rendered":"\t\t<div data-elementor-type=\"wp-post\" data-elementor-id=\"34\" class=\"elementor elementor-34\">\n\t\t\t\t\t\t<section class=\"elementor-section elementor-top-section elementor-element elementor-element-f3f0774 elementor-section-full_width elementor-section-height-default elementor-section-height-default\" data-id=\"f3f0774\" data-element_type=\"section\" data-settings=\"{&quot;background_background&quot;:&quot;classic&quot;}\">\n\t\t\t\t\t\t\t<div class=\"elementor-background-overlay\"><\/div>\n\t\t\t\t\t\t\t<div class=\"elementor-container elementor-column-gap-default\">\n\t\t\t\t\t<div class=\"elementor-column elementor-col-100 elementor-top-column elementor-element elementor-element-0b1f023\" data-id=\"0b1f023\" data-element_type=\"column\">\n\t\t\t<div class=\"elementor-widget-wrap elementor-element-populated\">\n\t\t\t\t\t\t<section class=\"elementor-section elementor-inner-section elementor-element elementor-element-4de2976 elementor-section-boxed elementor-section-height-default elementor-section-height-default\" data-id=\"4de2976\" data-element_type=\"section\">\n\t\t\t\t\t\t<div class=\"elementor-container elementor-column-gap-default\">\n\t\t\t\t\t<div class=\"elementor-column elementor-col-100 elementor-inner-column elementor-element elementor-element-2bc932d\" data-id=\"2bc932d\" data-element_type=\"column\">\n\t\t\t<div class=\"elementor-widget-wrap elementor-element-populated\">\n\t\t\t\t\t\t<div class=\"elementor-element elementor-element-71a799d elementor-widget elementor-widget-heading\" data-id=\"71a799d\" data-element_type=\"widget\" data-widget_type=\"heading.default\">\n\t\t\t\t<div class=\"elementor-widget-container\">\n\t\t\t\t\t<h1 class=\"elementor-heading-title elementor-size-default\">SCBMS NA PR\u00c1TICA<\/h1>\t\t\t\t<\/div>\n\t\t\t\t<\/div>\n\t\t\t\t\t<\/div>\n\t\t<\/div>\n\t\t\t\t\t<\/div>\n\t\t<\/section>\n\t\t\t\t\t<\/div>\n\t\t<\/div>\n\t\t\t\t\t<\/div>\n\t\t<\/section>\n\t\t\t\t<section class=\"elementor-section elementor-top-section elementor-element elementor-element-8acaa99 elementor-section-boxed elementor-section-height-default elementor-section-height-default\" data-id=\"8acaa99\" data-element_type=\"section\" data-settings=\"{&quot;background_background&quot;:&quot;classic&quot;}\">\n\t\t\t\t\t\t<div class=\"elementor-container elementor-column-gap-default\">\n\t\t\t\t\t<div class=\"elementor-column elementor-col-100 elementor-top-column elementor-element elementor-element-b85b176\" data-id=\"b85b176\" data-element_type=\"column\">\n\t\t\t<div class=\"elementor-widget-wrap elementor-element-populated\">\n\t\t\t\t\t\t<section class=\"elementor-section elementor-inner-section elementor-element elementor-element-7f29dc9 elementor-section-content-middle elementor-section-boxed elementor-section-height-default elementor-section-height-default\" data-id=\"7f29dc9\" data-element_type=\"section\">\n\t\t\t\t\t\t<div class=\"elementor-container elementor-column-gap-default\">\n\t\t\t\t\t<div class=\"elementor-column elementor-col-100 elementor-inner-column elementor-element elementor-element-80c6ca8\" data-id=\"80c6ca8\" data-element_type=\"column\">\n\t\t\t<div class=\"elementor-widget-wrap elementor-element-populated\">\n\t\t\t\t\t\t<div class=\"elementor-element elementor-element-1546297 elementor-widget elementor-widget-text-editor\" data-id=\"1546297\" data-element_type=\"widget\" data-widget_type=\"text-editor.default\">\n\t\t\t\t<div class=\"elementor-widget-container\">\n\t\t\t\t\t\t\t\t\t<p style=\"text-align: justify; text-indent: 36.0pt;\"><b><span style=\"font-size: 12.0pt; line-height: 115%;\">1 &#8211;<\/span><\/b><span style=\"font-size: 12.0pt; line-height: 115%;\"> Juntamente com a an\u00e1lise da <b>Pesquisa Pr\u00e9via de Viabilidade<\/b>, s\u00e3o processados os dados necess\u00e1rios para a gera\u00e7\u00e3o dos enquadramentos da EMPRESA, gerando assim o <b>EES<\/b> respectivo para a Pesquisa Pr\u00e9via de Viabilidade, de acordo com as regras e normas de cada institui\u00e7\u00e3o participante do <b>PROGRAMA SC BEM MAIS SIMPLES<\/b>, com base nas informa\u00e7\u00f5es prestadas pelos Empres\u00e1rios\/Solicitantes, sendo enviadas por e-mail as informa\u00e7\u00f5es do enquadramento, para que ainda nesta fase os Empres\u00e1rios\/Solicitantes possam tomar conhecimento dos respectivos graus de risco e os procedimentos necess\u00e1rios para o devido licenciamento e legaliza\u00e7\u00e3o da empresa, para cada institui\u00e7\u00e3o, caso seja dado o encaminhamento\/prosseguimento aos procedimentos seguintes do respectivo processo.<\/span><\/p><p style=\"text-align: justify; text-indent: 36.0pt;\"><span style=\"font-size: 12.0pt; line-height: 115%;\">\u00a0<\/span><b style=\"text-indent: 36pt; background-color: var(--nv-site-bg); color: var(--nv-text-color); font-family: Poppins, var(--nv-fallback-ff);\"><span style=\"font-size: 12.0pt; line-height: 115%;\">2 &#8211;<\/span><\/b><span style=\"text-indent: 36pt; background-color: var(--nv-site-bg); color: var(--nv-text-color); font-family: Poppins, var(--nv-fallback-ff); font-size: 12pt; line-height: 115%;\"> Caso seja dado o prosseguimento ao processo de registro do Ato respectivo da Pesquisa Pr\u00e9via de Viabilidade, ap\u00f3s o Ato ser devidamente analisado e arquivado na Junta Comercial do Estado de Santa Catarina, \u00e9 gerada a Autodeclara\u00e7\u00e3o, que \u00e9 encaminhada ao e-mail do Empres\u00e1rio\/Solicitante.<\/span><\/p><p style=\"text-align: justify; text-indent: 36.0pt;\"><span style=\"font-size: 12.0pt; line-height: 115%;\">\u00a0<\/span><span style=\"font-size: 12pt; text-indent: 36pt; background-color: var(--nv-site-bg); color: var(--nv-text-color); font-family: Poppins, var(--nv-fallback-ff);\">A <\/span><b style=\"font-size: 12pt; text-indent: 36pt; background-color: var(--nv-site-bg); color: var(--nv-text-color); font-family: Poppins, var(--nv-fallback-ff);\">Autodeclara\u00e7\u00e3o<\/b><span style=\"font-size: 12pt; text-indent: 36pt; background-color: var(--nv-site-bg); color: var(--nv-text-color); font-family: Poppins, var(--nv-fallback-ff);\"> \u00e9 o documento ao qual o Empres\u00e1rio\/Respons\u00e1vel pela empresa autodeclara a responsabilidade pelas informa\u00e7\u00f5es prestadas nas fases pr\u00e9vias a gera\u00e7\u00e3o deste documento, bem como, autodeclara que tomou conhecimento das exig\u00eancias a serem cumpridas perante cada \u00f3rg\u00e3o de licenciamento e legaliza\u00e7\u00e3o empresarial, de acordo com os dados constantes da <\/span><b style=\"font-size: 12pt; text-indent: 36pt; background-color: var(--nv-site-bg); color: var(--nv-text-color); font-family: Poppins, var(--nv-fallback-ff);\">Autodeclara\u00e7\u00e3o<\/b><span style=\"font-size: 12pt; text-indent: 36pt; background-color: var(--nv-site-bg); color: var(--nv-text-color); font-family: Poppins, var(--nv-fallback-ff);\">, que dever\u00e1 ser encaminhada \u00e0 cada \u00f3rg\u00e3o participante do <\/span><b style=\"font-size: 12pt; text-indent: 36pt; background-color: var(--nv-site-bg); color: var(--nv-text-color); font-family: Poppins, var(--nv-fallback-ff);\">PROGRAMA SC BEM MAIS SIMPLES<\/b><span style=\"font-size: 12pt; text-indent: 36pt; background-color: var(--nv-site-bg); color: var(--nv-text-color); font-family: Poppins, var(--nv-fallback-ff);\">, seguindo as exig\u00eancias pr\u00f3prias de cada \u00f3rg\u00e3o.<\/span><\/p><p style=\"text-align: justify; text-indent: 36.0pt;\"><b><span style=\"font-size: 12.0pt; line-height: 115%;\">3 &#8211;<\/span><\/b><span style=\"font-size: 12.0pt; line-height: 115%;\"> Importante ressaltar que para os usu\u00e1rios, os fluxos e demais exig\u00eancias dos procedimentos que comp\u00f5em as atividades atinentes ao Registro Mercantil, Licenciamento e Legaliza\u00e7\u00e3o Empresarial n\u00e3o se alteram, sendo o <b>EES<\/b> e a <b>Autodeclara\u00e7\u00e3o<\/b> incorporados aos procedimentos de forma autom\u00e1tica.\u00a0<\/span><span style=\"background-color: var(--nv-site-bg); text-indent: 36pt; color: var(--nv-text-color); font-family: Poppins, var(--nv-fallback-ff);\">A Junta Comercial do Estado de Santa Catarina- JUCESC, \u00e9 o \u00f3rg\u00e3o integrador do programa SC BEM MAIS SIMPLES. Possui a responsabilidade pela operacionalidade t\u00e9cnica e pelo funcionamento do sistema informatizado e automatizado que possibilita a completa comunica\u00e7\u00e3o entre os \u00f3rg\u00e3os de licenciamento. N\u00e3o possui inger\u00eancia ou qualquer interfer\u00eancia sobre legisla\u00e7\u00e3o, aspectos legais e licen\u00e7as, que s\u00e3o de total responsabilidade do Corpo de Bombeiros Militar de Santa Catarina, Instituto do Meio Ambiente e Diretoria de Vigil\u00e2ncia Sanit\u00e1ria de Santa Catarina.<\/span><\/p><p style=\"text-align: justify; text-indent: 36.0pt;\">Como integrador, seu papel restringe-se ao perfeito funcionamento do sistema, para que todas as informa\u00e7\u00f5es relativas \u00e0 abertura de empresas possa ser disponibilizada em tempo real aos \u00f3rg\u00e3os de licenciamento e empreendedores.<\/p>\t\t\t\t\t\t\t\t<\/div>\n\t\t\t\t<\/div>\n\t\t\t\t<div class=\"elementor-element elementor-element-4b26297 elementor-widget elementor-widget-text-editor\" data-id=\"4b26297\" data-element_type=\"widget\" data-widget_type=\"text-editor.default\">\n\t\t\t\t<div class=\"elementor-widget-container\">\n\t\t\t\t\t\t\t\t\t<p>A <b>Junta Comercial do Estado de Santa Catarina\u00a0<\/b>&#8211; JUCESC, \u00e9 o \u00f3rg\u00e3o integrador do programa SC BEM MAIS SIMPLES. Possui a responsabilidade pela operacionalidade t\u00e9cnica e pelo funcionamento do sistema informatizado e automatizado que possibilita a completa comunica\u00e7\u00e3o entre os \u00f3rg\u00e3os de licenciamento. N\u00e3o possui inger\u00eancia ou qualquer interfer\u00eancia sobre legisla\u00e7\u00e3o, aspectos legais e licen\u00e7as, que s\u00e3o de total responsabilidade do Corpo de Bombeiros Militar de Santa Catarina, Instituto do Meio Ambiente e Diretoria de Vigil\u00e2ncia Sanit\u00e1ria de Santa Catarina.<\/p><p>Como integrador, seu papel restringe-se ao perfeito funcionamento do sistema, para que todas as informa\u00e7\u00f5es relativas \u00e0 abertura de empresas possa ser disponibilizada em tempo real aos \u00f3rg\u00e3os de licenciamento e empreendedores.<\/p>\t\t\t\t\t\t\t\t<\/div>\n\t\t\t\t<\/div>\n\t\t\t\t<div class=\"elementor-element elementor-element-4cc4551 elementor-widget elementor-widget-heading\" data-id=\"4cc4551\" data-element_type=\"widget\" data-widget_type=\"heading.default\">\n\t\t\t\t<div class=\"elementor-widget-container\">\n\t\t\t\t\t<h2 class=\"elementor-heading-title elementor-size-default\"><h2 class=\"elementor-heading-title elementor-size-default elementor-inline-editing pen\" data-elementor-setting-key=\"title\" data-pen-placeholder=\"Digite aqui...\" style=\"font-size: 30px;letter-spacing: normal;font-family: Poppins, Arial, Helvetica, sans-serif;text-align: center\">E-MAIL ENCAMINHAMENTO EES<\/h2><\/h2>\t\t\t\t<\/div>\n\t\t\t\t<\/div>\n\t\t\t\t\t<\/div>\n\t\t<\/div>\n\t\t\t\t\t<\/div>\n\t\t<\/section>\n\t\t\t\t<section class=\"elementor-section elementor-inner-section elementor-element elementor-element-1bd06de elementor-section-boxed elementor-section-height-default elementor-section-height-default\" data-id=\"1bd06de\" data-element_type=\"section\">\n\t\t\t\t\t\t<div class=\"elementor-container elementor-column-gap-default\">\n\t\t\t\t\t<div class=\"elementor-column elementor-col-50 elementor-inner-column elementor-element elementor-element-2deb096\" data-id=\"2deb096\" data-element_type=\"column\">\n\t\t\t<div class=\"elementor-widget-wrap elementor-element-populated\">\n\t\t\t\t\t\t<div class=\"elementor-element elementor-element-f1c204a elementor-widget elementor-widget-text-editor\" data-id=\"f1c204a\" data-element_type=\"widget\" data-widget_type=\"text-editor.default\">\n\t\t\t\t<div class=\"elementor-widget-container\">\n\t\t\t\t\t\t\t\t\t<p class=\"MsoNormal\" style=\"text-align: justify;\"><span style=\"font-size: 12pt; line-height: 18.4px;\">Prezado empreendedor,<\/span><\/p><p class=\"MsoNormal\" style=\"text-align: justify; text-indent: 36pt;\"><span style=\"font-size: 12pt; line-height: 18.4px;\">Cumprimentando-o cordialmente e dando as boas-vindas ao ambiente de neg\u00f3cios do estado de Santa Catarina, encaminhamos anexo as informa\u00e7\u00f5es pertinentes ao\u00a0<span style=\"font-weight: bold;\">ENQUADRAMENTO EMPRESARIAL SIMPLIFICADO<\/span>\u00a0(<span style=\"font-weight: bold;\">EES<\/span>), de acordo com o processamento dos dados de seu protocolo de Pesquisa Pr\u00e9via de Viabilidade, e, em observ\u00e2ncia \u00e0 Lei Estadual 17.071\/2017, Decreto Estadual 413\/2019 e Resolu\u00e7\u00e3o 002 do Comit\u00ea Gestor do Programa Santa Catarina Bem Mais Simples.<\/span><\/p><p class=\"MsoNormal\" style=\"text-align: justify; text-indent: 36pt;\"><span style=\"font-size: 12pt; line-height: 18.4px;\">Em car\u00e1ter apenas informativo, o\u00a0<span style=\"font-weight: bold;\">EES<\/span>\u00a0apresenta a classifica\u00e7\u00e3o e respectivos graus de risco e os procedimentos necess\u00e1rios para o devido licenciamento e legaliza\u00e7\u00e3o da empresa, para cada \u00f3rg\u00e3o\/institui\u00e7\u00e3o, caso seja dado o encaminhamento\/prosseguimento aos procedimentos seguintes do respectivo processo.<\/span><\/p><p class=\"MsoNormal\" style=\"text-align: center;\" align=\"center\">Comit\u00ea Gestor SCBMS<\/p>\t\t\t\t\t\t\t\t<\/div>\n\t\t\t\t<\/div>\n\t\t\t\t\t<\/div>\n\t\t<\/div>\n\t\t\t\t<div class=\"elementor-column elementor-col-50 elementor-inner-column elementor-element elementor-element-d290509\" data-id=\"d290509\" data-element_type=\"column\">\n\t\t\t<div class=\"elementor-widget-wrap elementor-element-populated\">\n\t\t\t\t\t\t<div class=\"elementor-element elementor-element-1fb69d4 elementor-widget elementor-widget-image\" data-id=\"1fb69d4\" data-element_type=\"widget\" data-widget_type=\"image.default\">\n\t\t\t\t<div class=\"elementor-widget-container\">\n\t\t\t\t\t\t\t\t\t\t\t\t\t\t\t<img fetchpriority=\"high\" decoding=\"async\" width=\"1969\" height=\"2805\" src=\"http:\/\/scbms.jucesc.sc.gov.br\/wp-content\/uploads\/2021\/04\/quadro-empresarial.png\" class=\"attachment-full size-full wp-image-1299\" alt=\"\" \/>\t\t\t\t\t\t\t\t\t\t\t\t\t\t\t<\/div>\n\t\t\t\t<\/div>\n\t\t\t\t\t<\/div>\n\t\t<\/div>\n\t\t\t\t\t<\/div>\n\t\t<\/section>\n\t\t\t\t\t<\/div>\n\t\t<\/div>\n\t\t\t\t\t<\/div>\n\t\t<\/section>\n\t\t\t\t<section class=\"elementor-section elementor-top-section elementor-element elementor-element-e36a950 elementor-section-boxed elementor-section-height-default elementor-section-height-default\" data-id=\"e36a950\" data-element_type=\"section\" data-settings=\"{&quot;background_background&quot;:&quot;classic&quot;}\">\n\t\t\t\t\t\t<div class=\"elementor-container elementor-column-gap-default\">\n\t\t\t\t\t<div class=\"elementor-column elementor-col-100 elementor-top-column elementor-element elementor-element-185ab01\" data-id=\"185ab01\" data-element_type=\"column\">\n\t\t\t<div class=\"elementor-widget-wrap elementor-element-populated\">\n\t\t\t\t\t\t<div class=\"elementor-element elementor-element-5a8b0aa elementor-widget elementor-widget-heading\" data-id=\"5a8b0aa\" data-element_type=\"widget\" data-widget_type=\"heading.default\">\n\t\t\t\t<div class=\"elementor-widget-container\">\n\t\t\t\t\t<h2 class=\"elementor-heading-title elementor-size-default\"><h2 class=\"elementor-heading-title elementor-size-default elementor-inline-editing pen\" data-elementor-setting-key=\"title\" data-pen-placeholder=\"Digite aqui...\" style=\"font-size: 30px;letter-spacing: normal;font-family: Poppins, Arial, Helvetica, sans-serif;text-align: center\">E-MAIL ENCAMINHAMENTO AUTODECLARA\u00c7\u00c3O<\/h2><\/h2>\t\t\t\t<\/div>\n\t\t\t\t<\/div>\n\t\t\t\t<section class=\"elementor-section elementor-inner-section elementor-element elementor-element-4e0e2cc elementor-section-boxed elementor-section-height-default elementor-section-height-default\" data-id=\"4e0e2cc\" data-element_type=\"section\">\n\t\t\t\t\t\t<div class=\"elementor-container elementor-column-gap-default\">\n\t\t\t\t\t<div class=\"elementor-column elementor-col-50 elementor-inner-column elementor-element elementor-element-6e9408f\" data-id=\"6e9408f\" data-element_type=\"column\">\n\t\t\t<div class=\"elementor-widget-wrap elementor-element-populated\">\n\t\t\t\t\t\t<div class=\"elementor-element elementor-element-b1a7a12 elementor-widget elementor-widget-text-editor\" data-id=\"b1a7a12\" data-element_type=\"widget\" data-widget_type=\"text-editor.default\">\n\t\t\t\t<div class=\"elementor-widget-container\">\n\t\t\t\t\t\t\t\t\t<p class=\"MsoNormal\" style=\"text-align: justify;\"><span style=\"background-color: var(--nv-site-bg); color: var(--nv-text-color); font-family: Poppins, var(--nv-fallback-ff);\">Prezado empreendedor,<\/span><\/p><p class=\"MsoNormal\" style=\"text-align: justify;\">Cumprimentando-o cordialmente e dando as boas-vindas ao ambiente de neg\u00f3cios do<br \/>estado de Santa Catarina, encaminhamos anexo o Documento de <b>Autodeclara\u00e7\u00e3o<\/b>, de acordo<br \/>com o processamento dos dados de seu protocolo de Pesquisa Pr\u00e9via de Viabilidade e demais<br \/>atos atinentes ao devido arquivamento dos Atos de Registro Mercantil junto \u00e0 JUCESC, e,<br \/>observ\u00e2ncia a Lei Estadual 17.071\/2017, Decreto Estadual 413\/2019 e Resolu\u00e7\u00e3o 002 do<br \/>Comit\u00ea Gestor do Programa Santa Catarina Bem Mais Simples.<\/p><p class=\"MsoNormal\" style=\"text-align: justify;\">A <b>Autodeclara\u00e7\u00e3o<\/b> \u00e9 o documento ao qual o Empres\u00e1rio\/Respons\u00e1vel pela empresa<br \/>autodeclara a responsabilidade pelas informa\u00e7\u00f5es prestadas nas fases pr\u00e9vias a gera\u00e7\u00e3o deste<br \/>documento, bem como, autodeclara que tomou conhecimento das exig\u00eancias a serem<br \/>cumpridas perante cada \u00f3rg\u00e3o de licenciamento e legaliza\u00e7\u00e3o empresarial, de acordo com os<br \/>dados constantes da <b>Autodeclara\u00e7\u00e3o<\/b>, devendo ser encaminhado \u00e0 cada \u00f3rg\u00e3o participante do<br \/>Programa Santa Catarina Bem Mais Simples, seguindo as exig\u00eancias pr\u00f3prias de cada \u00f3rg\u00e3o.<\/p><p class=\"MsoNormal\" style=\"text-align: center;\" align=\"center\">Comit\u00ea Gestor SCBMS<\/p>\t\t\t\t\t\t\t\t<\/div>\n\t\t\t\t<\/div>\n\t\t\t\t\t<\/div>\n\t\t<\/div>\n\t\t\t\t<div class=\"elementor-column elementor-col-50 elementor-inner-column elementor-element elementor-element-46c3db3\" data-id=\"46c3db3\" data-element_type=\"column\">\n\t\t\t<div class=\"elementor-widget-wrap elementor-element-populated\">\n\t\t\t\t\t\t<div class=\"elementor-element elementor-element-d352de4 elementor-widget elementor-widget-image\" data-id=\"d352de4\" data-element_type=\"widget\" data-widget_type=\"image.default\">\n\t\t\t\t<div class=\"elementor-widget-container\">\n\t\t\t\t\t\t\t\t\t\t\t\t\t\t\t<img decoding=\"async\" width=\"1880\" height=\"2741\" src=\"http:\/\/scbms.jucesc.sc.gov.br\/wp-content\/uploads\/2021\/04\/autodecla.png\" class=\"attachment-full size-full wp-image-1301\" alt=\"\" \/>\t\t\t\t\t\t\t\t\t\t\t\t\t\t\t<\/div>\n\t\t\t\t<\/div>\n\t\t\t\t\t<\/div>\n\t\t<\/div>\n\t\t\t\t\t<\/div>\n\t\t<\/section>\n\t\t\t\t\t<\/div>\n\t\t<\/div>\n\t\t\t\t\t<\/div>\n\t\t<\/section>\n\t\t\t\t<section class=\"elementor-section elementor-top-section elementor-element elementor-element-9b470a8 elementor-section-boxed elementor-section-height-default elementor-section-height-default\" data-id=\"9b470a8\" data-element_type=\"section\" data-settings=\"{&quot;background_background&quot;:&quot;classic&quot;}\">\n\t\t\t\t\t\t<div class=\"elementor-container elementor-column-gap-default\">\n\t\t\t\t\t<div class=\"elementor-column elementor-col-100 elementor-top-column elementor-element elementor-element-f42013c\" data-id=\"f42013c\" data-element_type=\"column\">\n\t\t\t<div class=\"elementor-widget-wrap elementor-element-populated\">\n\t\t\t\t\t\t<section class=\"elementor-section elementor-inner-section elementor-element elementor-element-6c81db4 elementor-section-content-middle elementor-section-boxed elementor-section-height-default elementor-section-height-default\" data-id=\"6c81db4\" data-element_type=\"section\">\n\t\t\t\t\t\t<div class=\"elementor-container elementor-column-gap-default\">\n\t\t\t\t\t<div class=\"elementor-column elementor-col-50 elementor-inner-column elementor-element elementor-element-2657977\" data-id=\"2657977\" data-element_type=\"column\" data-settings=\"{&quot;background_background&quot;:&quot;classic&quot;}\">\n\t\t\t<div class=\"elementor-widget-wrap elementor-element-populated\">\n\t\t\t\t\t\t<div class=\"elementor-element elementor-element-c69e6db elementor-widget elementor-widget-heading\" data-id=\"c69e6db\" data-element_type=\"widget\" data-widget_type=\"heading.default\">\n\t\t\t\t<div class=\"elementor-widget-container\">\n\t\t\t\t\t<h2 class=\"elementor-heading-title elementor-size-default\">Conhe\u00e7a o Passo a Passo do SCBMS<\/h2>\t\t\t\t<\/div>\n\t\t\t\t<\/div>\n\t\t\t\t<div class=\"elementor-element elementor-element-79d7370 elementor-widget elementor-widget-spacer\" data-id=\"79d7370\" data-element_type=\"widget\" data-widget_type=\"spacer.default\">\n\t\t\t\t<div class=\"elementor-widget-container\">\n\t\t\t\t\t\t\t<div class=\"elementor-spacer\">\n\t\t\t<div class=\"elementor-spacer-inner\"><\/div>\n\t\t<\/div>\n\t\t\t\t\t\t<\/div>\n\t\t\t\t<\/div>\n\t\t\t\t\t<\/div>\n\t\t<\/div>\n\t\t\t\t<div class=\"elementor-column elementor-col-50 elementor-inner-column elementor-element elementor-element-e0dcb2b\" data-id=\"e0dcb2b\" data-element_type=\"column\" data-settings=\"{&quot;background_background&quot;:&quot;classic&quot;}\">\n\t\t\t<div class=\"elementor-widget-wrap elementor-element-populated\">\n\t\t\t\t\t\t<div class=\"elementor-element elementor-element-f6f21ad elementor-align-center elementor-mobile-align-justify elementor-widget elementor-widget-button\" data-id=\"f6f21ad\" data-element_type=\"widget\" data-widget_type=\"button.default\">\n\t\t\t\t<div class=\"elementor-widget-container\">\n\t\t\t\t\t\t\t\t\t<div class=\"elementor-button-wrapper\">\n\t\t\t\t\t<a class=\"elementor-button elementor-button-link elementor-size-lg\" href=\"http:\/\/scbms.jucesc.sc.gov.br\/index.php\/passo-a-passo\/\">\n\t\t\t\t\t\t<span class=\"elementor-button-content-wrapper\">\n\t\t\t\t\t\t\t\t\t<span class=\"elementor-button-text\">PASSO A PASSO<\/span>\n\t\t\t\t\t<\/span>\n\t\t\t\t\t<\/a>\n\t\t\t\t<\/div>\n\t\t\t\t\t\t\t\t<\/div>\n\t\t\t\t<\/div>\n\t\t\t\t\t<\/div>\n\t\t<\/div>\n\t\t\t\t\t<\/div>\n\t\t<\/section>\n\t\t\t\t\t<\/div>\n\t\t<\/div>\n\t\t\t\t\t<\/div>\n\t\t<\/section>\n\t\t\t\t<\/div>\n\t\t","protected":false},"excerpt":{"rendered":"<p>\u00a0 1 &#8211; Juntamente com a an\u00e1lise da Pesquisa Pr\u00e9via de Viabilidade, s\u00e3o processados os dados necess\u00e1rios para a gera\u00e7\u00e3o dos enquadramentos da EMPRESA, gerando assim o EES respectivo para a Pesquisa Pr\u00e9via de Viabilidade, de acordo com as regras e normas de cada institui\u00e7\u00e3o participante do PROGRAMA SC BEM MAIS SIMPLES, com base nas&hellip;&nbsp;<a href=\"http:\/\/scbms.jucesc.sc.gov.br\/index.php\/scbms-na-pratica\/\" class=\"\" rel=\"bookmark\">Continue a ler &raquo;<span class=\"screen-reader-text\">SCBMS NA PR\u00c1TICA<\/span><\/a><\/p>\n","protected":false},"author":2,"featured_media":1320,"parent":0,"menu_order":0,"comment_status":"closed","ping_status":"closed","template":"","meta":{"neve_meta_sidebar":"","neve_meta_container":"","neve_meta_enable_content_width":"","neve_meta_content_width":70,"neve_meta_title_alignment":"","neve_meta_author_avatar":"","neve_post_elements_order":"","neve_meta_disable_header":"","neve_meta_disable_footer":"","neve_meta_disable_title":"","footnotes":""},"class_list":["post-34","page","type-page","status-publish","has-post-thumbnail","hentry"],"_links":{"self":[{"href":"http:\/\/scbms.jucesc.sc.gov.br\/index.php\/wp-json\/wp\/v2\/pages\/34","targetHints":{"allow":["GET"]}}],"collection":[{"href":"http:\/\/scbms.jucesc.sc.gov.br\/index.php\/wp-json\/wp\/v2\/pages"}],"about":[{"href":"http:\/\/scbms.jucesc.sc.gov.br\/index.php\/wp-json\/wp\/v2\/types\/page"}],"author":[{"embeddable":true,"href":"http:\/\/scbms.jucesc.sc.gov.br\/index.php\/wp-json\/wp\/v2\/users\/2"}],"replies":[{"embeddable":true,"href":"http:\/\/scbms.jucesc.sc.gov.br\/index.php\/wp-json\/wp\/v2\/comments?post=34"}],"version-history":[{"count":112,"href":"http:\/\/scbms.jucesc.sc.gov.br\/index.php\/wp-json\/wp\/v2\/pages\/34\/revisions"}],"predecessor-version":[{"id":1457,"href":"http:\/\/scbms.jucesc.sc.gov.br\/index.php\/wp-json\/wp\/v2\/pages\/34\/revisions\/1457"}],"wp:featuredmedia":[{"embeddable":true,"href":"http:\/\/scbms.jucesc.sc.gov.br\/index.php\/wp-json\/wp\/v2\/media\/1320"}],"wp:attachment":[{"href":"http:\/\/scbms.jucesc.sc.gov.br\/index.php\/wp-json\/wp\/v2\/media?parent=34"}],"curies":[{"name":"wp","href":"https:\/\/api.w.org\/{rel}","templated":true}]}}